{"id":1349,"date":"2025-11-18T17:53:18","date_gmt":"2025-11-18T17:53:18","guid":{"rendered":"https:\/\/www.stakles.eu\/?post_type=product&#038;p=1349"},"modified":"2025-11-20T08:35:01","modified_gmt":"2025-11-20T08:35:01","slug":"slifavimo-vertikalios-stakles","status":"publish","type":"product","link":"https:\/\/www.stakles.eu\/?product=slifavimo-vertikalios-stakles","title":{"rendered":"\u0160lifavimo vertikalios stakl\u0117s"},"content":{"rendered":"<p>\u0160lifavimo stakl\u0117s<br \/>\n+ 24 vnt, nauj\u0173 juost\u0173<\/p>\n","protected":false},"excerpt":{"rendered":"<p>\u0160lifavimo stakl\u0117s<br \/>\n+ 24 vnt, nauj\u0173 juost\u0173<\/p>\n","protected":false},"featured_media":1911,"comment_status":"open","ping_status":"closed","template":"","meta":[],"product_brand":[],"product_cat":[85],"product_tag":[81,79,53,80],"class_list":{"0":"post-1349","1":"product","2":"type-product","3":"status-publish","4":"has-post-thumbnail","6":"product_cat-stakles-irengimai-stakles-irengimai","7":"product_tag-juosta","8":"product_tag-slifavimo","9":"product_tag-stakles","10":"product_tag-vertikalios","12":"first","13":"instock","14":"shipping-taxable","15":"purchasable","16":"product-type-simple","17":"add-to-wishlist-after_add_to_cart"},"_links":{"self":[{"href":"https:\/\/www.stakles.eu\/index.php?rest_route=\/wp\/v2\/product\/1349","targetHints":{"allow":["GET"]}}],"collection":[{"href":"https:\/\/www.stakles.eu\/index.php?rest_route=\/wp\/v2\/product"}],"about":[{"href":"https:\/\/www.stakles.eu\/index.php?rest_route=\/wp\/v2\/types\/product"}],"replies":[{"embeddable":true,"href":"https:\/\/www.stakles.eu\/index.php?rest_route=%2Fwp%2Fv2%2Fcomments&post=1349"}],"wp:featuredmedia":[{"embeddable":true,"href":"https:\/\/www.stakles.eu\/index.php?rest_route=\/wp\/v2\/media\/1911"}],"wp:attachment":[{"href":"https:\/\/www.stakles.eu\/index.php?rest_route=%2Fwp%2Fv2%2Fmedia&parent=1349"}],"wp:term":[{"taxonomy":"product_brand","embeddable":true,"href":"https:\/\/www.stakles.eu\/index.php?rest_route=%2Fwp%2Fv2%2Fproduct_brand&post=1349"},{"taxonomy":"product_cat","embeddable":true,"href":"https:\/\/www.stakles.eu\/index.php?rest_route=%2Fwp%2Fv2%2Fproduct_cat&post=1349"},{"taxonomy":"product_tag","embeddable":true,"href":"https:\/\/www.stakles.eu\/index.php?rest_route=%2Fwp%2Fv2%2Fproduct_tag&post=1349"}],"curies":[{"name":"wp","href":"https:\/\/api.w.org\/{rel}","templated":true}]}}